 8. Suppose -59 = -3*y + z. What is the greatest common factor of 11 and y?
11
Suppose -3*q = -37 - 41. Suppose 5*s - 19 = q. Suppose -4*d + 3*d = -2*p + 121, 5*d = -p + 88. Calculate the highest common divisor of s and p.
9
Suppose -n = -4*s - 143 - 16, 30 = -s - 3*n. Let l = -14 - s. Calculate the greatest common divisor of 25 and l.
25
Let p = -2 - -74. What is the highest common factor of p and 252?
36
Let u(c) = -c**3 + 18*c**2 + 19. Let i be u(17). What is the highest common divisor of i and 88?
44
Let r(x) = -x - 7. Let j be r(-8). Let y = -41 + 60. Let u = j + y. What is the greatest common divisor of u and 30?
10
Let m(a) = 2*a**3 + a**2 - a + 171. Suppose 4*t = 3*t. Let c be m(t). Calculate the highest common factor of 19 and c.
19
Let x = 225 + -216. Suppose -3*k = -0*k + 3. Let c be k*2*(-180)/8. What is the highest common divisor of c and x?
9
Let f(t) = t + 15. Let g be f(-12). Let m be 2/(507/168 - g). What is the greatest common factor of 16 and m?
16
Suppose 0 = -5*f - 4*b + b + 324, -b = -5*f + 312. Calculate the highest common divisor of f and 108.
9
Let i(b) = b**3 - 17*b**2 - 16*b + 12. Let v be i(18). Let j = -192 - -90. Let x = j - -222. What is the highest common divisor of x and v?
24
Let q(s) = -2*s**3 - 4*s + 6. Let z be q(-3). Calculate the greatest common divisor of 16 and z.
8
Let c be (4/(-6))/(1/(-72)). Suppose 5*w + 4*v = 19, 9*w - 8 = 5*w + 4*v. What is the highest common factor of c and w?
3
Let h be (-27)/2*(-20)/15. Suppose -2*v - w + 1 - h = 0, 4*v + w + 29 = 0. Let p be (5 - 1)/(v/(-21)). Calculate the highest common divisor of 2 and p.
2
Suppose 4*l = 2*l - 22. Let x = l + 74. What is the greatest common factor of 7 and x?
7
Let m(o) = -o**3 - 7*o**2 + 6*o - 5. Let k be m(-8). Calculate the greatest common factor of 11 and k.
11
Suppose 1 = 4*x - 15, 5*x = 4*k - 4. What is the greatest common divisor of 99 and k?
3
Let g = -266 - -2000. Calculate the greatest common divisor of g and 51.
51
Let t(y) be the second derivative of 1/3*y**3 - 2*y + 0*y**4 + 3/2*y**2 - 1/20*y**5 + 0. Let g be t(-3). What is the greatest common factor of g and 120?
24
Suppose 3*m = -0*m + 282. Suppose 5*u - 66 = m. What is the highest common factor of u and 8?
8
Let k(g) be the first derivative of 1/3*g**3 - 3 - g + 0*g**2. Let l be k(6). Calculate the greatest common factor of l and 105.
35
Suppose 3 + 1 = -b, 5*b = 4*z - 20. Suppose 3*i = -z + 60. Let f be (1799/18 - (-12)/(-72)) + (-2)/(-9). Calculate the highest common divisor of f and i.
20
Let i be (1080/84)/(1/7). Suppose m - 2*g - g - 4 = 0, 4*g = -3*m + 51. Let t = m - 3. What is the highest common factor of i and t?
10
Let z be (-341)/(-4) - 1/4. Let r = -60 - -69. Let g be -5 - -4 - r/1*-2. Calculate the highest common divisor of z and g.
17
Suppose -2*c + 9*p - 4*p + 304 = 0, 4*c = 4*p + 596. Suppose 0 = -346*j + 361*j - 315. Calculate the highest common divisor of j and c.
21
Let z = -1170 + 1426. Calculate the greatest common factor of 8 and z.
8
Suppose -2*i - 490 = -3*l, -36 = -4*l + 3*i + 619. Calculate the greatest common factor of 4 and l.
4
Let f(w) = -w + 5. Let c be f(2). Suppose 0 = -x - 2, -c*x = -b - 4*b + 1931. What is the greatest common factor of 35 and b?
35
Suppose -132 = -32*s + 10*s. Calculate the highest common divisor of 258 and s.
6
Let a be -1*3 + (-304)/(-4). Let l = 109 - a. Calculate the greatest common divisor of l and 4.
4
Let x = -48 + 111. Calculate the greatest common factor of 7 and x.
7
Let x be 163 + (6 - (11 - 0)). Calculate the greatest common divisor of 553 and x.
79
Let v be (-32 - -11)/((-6)/4). Let t(a) = 15*a**2 + 2*a - 8. Let p be t(2). What is the greatest common factor of v and p?
14
Suppose 3*n = 2*j - 41, 2*j - 5*j - 2*n = -68. What is the greatest common factor of 22 and j?
22
Suppose 0 = -6*j + 86 + 58. Calculate the highest common divisor of 156 and j.
12
Let r(p) = -p**3 - 14*p**2 - p - 13. Let t be r(-14). Suppose -x + 8 = -t. What is the greatest common divisor of 72 and x?
9
Suppose -3*t + 75 = 4*i, -4*t - 26 = -3*i + 24. What is the highest common divisor of i and 252?
18
Let r be (42/35)/(4/10). Suppose -3 = -r*s, -7 = -k - 6*s + 4*s. Let a be ((-20)/6)/(k/(-15)). What is the greatest common factor of 40 and a?
10
Suppose 4*f = 89 - 13. Let g = -348 + 188. Let m = g - -293. What is the greatest common factor of f and m?
19
Suppose -2*f = 5*b - 411, -4*b + b + 5*f + 259 = 0. What is the highest common factor of 249 and b?
83
Suppose 3*v - 169 = 4*f, f = -3*f - 16. Let k = v - -79. Calculate the greatest common factor of 26 and k.
26
Let o(v) = v**3 + 8*v**2 - 3*v + 2. Let r be o(-6). What is the greatest common factor of 506 and r?
46
Let l = 153 - 12. Suppose -9 = 4*d - l. What is the greatest common factor of 264 and d?
33
Let x(a) = a**2 + 7*a + 2. Let p be x(-8). What is the greatest common divisor of 2210 and p?
10
Let p = 140 + 202. Calculate the highest common divisor of 72 and p.
18
Let h be (-1*(-1 + 1))/1. Let o = 402 + -362. Suppose h*y + d = 3*y - o, 3*y - 5*d - 56 = 0. Calculate the greatest common divisor of 36 and y.
12
Let n be -2*(-11)/((-88)/(-180)). What is the highest common divisor of n and 1425?
15
Let f = -567 - -1238. Calculate the highest common factor of f and 61.
61
Let w(s) = s**3 + 18*s**2 + 54*s - 15. Let j be w(-14). Calculate the greatest common divisor of 2106 and j.
13
Suppose -10 - 6 = 3*a - 4*s, 0 = -2*a - 5*s + 20. Suppose 5*i - 54 - 126 = a. Let o be (24/10)/(3/(-45)*-2). Calculate the highest common factor of o and i.
18
Suppose 0 = -387*k + 379*k + 72. Calculate the highest common divisor of 639 and k.
9
Suppose -4*l = -4 - 12. Suppose 0*b + 16 = l*b. Calculate the highest common divisor of 36 and b.
4
Let u = -21699 + 21784. Suppose -4*m - 260 = m. Let h be m/(-3) + 2/(-6). Calculate the highest common divisor of u and h.
17
Suppose -10 + 2 = -2*u. Suppose 5 = j - 5*a - 6, 0 = j - u*a - 9. What is the greatest common factor of j and 1?
1
Suppose 6*m - 2*m = -56. Suppose -5*z - 58 = 2. Let q = z - m. Calculate the highest common divisor of 16 and q.
2
Let l = 4858 - 1024. What is the greatest common factor of 142 and l?
142
Let d be 2/6 - 4/12. Suppose 0 = -3*s - w + 22, -5*s + 50 = -d*s - w. Calculate the greatest common divisor of 6 and s.
3
Suppose -3*g + 1151 + 49 = 0. What is the greatest common divisor of 16 and g?
16
Let u be 2 + -4 + -1 + -14. Let c(l) = -l**2 + 17*l. Let t be c(15). Let k = t + u. What is the greatest common factor of k and 104?
13
Let k(c) = -5*c - 4. Let u = 32 + -42. Let s be (-36)/30 - 2/u. Let o be k(s). What is the greatest common factor of 8 and o?
1
Let c be ((-2)/7)/((-1)/133). Calculate the greatest common divisor of 304 and c.
38
Suppose 0 = -27*h - 170 + 386. What is the greatest common factor of 14 and h?
2
Suppose -3*o + 14*o - 594 = 0. What is the greatest common factor of o and 513?
27
Suppose 320 = 5*k - 300. Let c = 129 - k. What is the highest common factor of c and 5?
5
Suppose 192 = 4*s - 5*z, -2*s + 93 + 3 = -z. Let r = 27 + 3. Suppose 2*y - g = s, -g - r = -y + g. What is the highest common divisor of y and 132?
22
Let d be -3*12/(-54) - (-506)/6. Let h(i) = 9*i - 2. Let m be h(4). Calculate the highest common factor of d and m.
17
Let z be (3 - 0)/(-6)*-6. Suppose -z*l + 2*l = -26. Suppose 2*n - l - 38 = 0. Calculate the greatest common divisor of 80 and n.
16
Suppose i - 6 = 4. Let h = -879 - -969. What is the highest common divisor of h and i?
10
Suppose -5*q = 4*m - 3, -4 = 4*m - q - 13. Suppose 3*y = 2*a - 35 + 9, -30 = -2*a + y. Calculate the greatest common factor of m and a.
2
Suppose 0 = -5*d + 25*d - 1440. Calculate the highest common factor of d and 16.
8
Suppose 4*j - 103 = -133*b + 134*b, -53 = -2*j + b. Calculate the highest common factor of j and 725.
25
Suppose -3*z = -14 + 2. Suppose 0 = -w + 5*y - 9, 3*w - 6 = z*w - 2*y. Let c be w/(-7) - 563/(-7). What is the greatest common factor of 27 and c?
27
Suppose -2*t - 64 = -s, -3*t + 5*t = 4*s - 268. What is the greatest common factor of 442 and s?
34
Let v be (3/2)/(24/32). Let d = v + 1. Suppose -d*i = i - 560. Calculate the greatest common factor of i and 28.
28
Let r = 276 - 182. Let w = r + 11. Calculate the greatest common factor of w and 15.
15
Let h(